actor of i and l.
7
Let o(i) = 8*i**2 + 5*i - 2. Let d be o(2). Calculate the greatest common factor of 5 and d.
5
Let l = -1 + 1. Let q = -9 - -9. Let o be (q - -2) + 2 - l. What is the highest common factor of 32 and o?
4
Suppose 0 = y - 0 - 4. Suppose 0 = -5*i - 3*v + 21, -y*i + 2*i + v = -15. Calculate the greatest common divisor of 6 and i.
6
Let v(y) be the third derivative of 0*y + 0 + 1/4*y**4 - 1/6*y**3 + y**2 + 1/30*y**5. Let j be v(-6). What is the greatest common factor of j and 5?
5
Let f be 1 - -83*(3 + -2). Suppose a - f = -a. Calculate the greatest common factor of 28 and a.
14
Let r(j) = -j**2 + 6*j + 9. Let v be r(7). What is the greatest common factor of v and 2?
2
Let m = 20 + -5. Suppose -3*s + 0*v - v + 7 = 0, -3*s + m = -3*v. Suppose l - s*l + 16 = 0. Calculate the greatest common divisor of 4 and l.
4
Let q = 17 - 12. Suppose -68 = -2*o - 2*o + q*x, 0 = -o - 5*x + 17. Suppose 0 = y - o - 3. Calculate the highest common divisor of 50 and y.
10
Let q = -145 + 200. Let y = -13 + 35. Calculate the greatest common factor of y and q.
11
Let d be (-5)/20 + 49/4. What is the greatest common divisor of 18 and d?
6
Let t = -3 - -4. Let f = t + 27. Calculate the greatest common factor of 70 and f.
14
Let z(g) = 28*g. Let p be z(3). Suppose c = 5*c - p. What is the greatest common factor of 14 and c?
7
Let s = 86 - 70. What is the highest common divisor of s and 192?
16
Let t = 9 - 5. What is the highest common factor of t and 36?
4
Let c(x) = x**3 - 29*x**2 - 31*x + 60. Let k be c(30). Calculate the highest common divisor of 12 and k.
6
Let a(n) = -33*n. Let o be a(-3). Let c be (16/(-10))/(18/(-45))*22. Let k = o + c. Calculate the greatest common factor of 17 and k.
17
Let h(a) = a + 9. Let k be h(-5). Calculate the highest common divisor of k and 12.
4
Suppose 5*x = 5*b - 220, -178 = 4*x + 4*b - 7*b. Let q be x + -2 + 1 - 0. Let o = q + 110. What is the greatest common factor of o and 9?
9
Suppose 0 = 3*m - 4*n + 3, -4*n = 3*m - 0*m - 21. Suppose 3*p - 5*t - 45 - 22 = 0, -m*t + 27 = p. What is the highest common divisor of 3 and p?
3
Let r be 4/14 - 19/(-7). Suppose 2*t - 280 = -5*i, 4*t - 56 = -i + r*t. What is the highest common factor of i and 8?
8
Let m(c) = -c + 24. Let q be m(10). Let x = 216 + -62. What is the greatest common divisor of q and x?
14
Let z be (16/(-5))/((-4)/10). What is the greatest common factor of 2 and z?
2
Suppose -5*i + 130 = 3*k - i, -15 = 3*i. Suppose 2*d - 4*t = 266, 0 = -4*d - t + 33 + 463. What is the greatest common factor of d and k?
25
Let p = 1 - -5. Let z be ((-45)/p)/5*-2. What is the highest common factor of z and 2?
1
Suppose 4*k = -4*o - 61 + 621, 2*o = 10. What is the highest common divisor of 15 and k?
15
Let r = 473 - -43. Suppose r = 7*q - 3*q. Suppose d + 52 = q. What is the highest common factor of d and 11?
11
Let m be -2 - ((-84)/(-2) + -3). Let u = m + 60. What is the highest common divisor of u and 57?
19
Let h = -68 + 75. Calculate the highest common factor of h and 21.
7
Suppose -27 = 128*b - 131*b. Calculate the greatest common divisor of b and 153.
9
Let l(k) = k**3 + 17*k**2 + 17*k + 22. Let a be l(-16). Let m(z) = -2*z + 3. Let y be m(4). Let v = a + y. What is the greatest common factor of v and 6?
1
Let h be 1*(7 + -1) + 0. Let z(d) = d**3 + 2*d**2 - d + 4. Let o be z(-3). Let l be 4 + (0 - (-4 - o)). Calculate the highest common divisor of l and h.
6
Let j(g) = g**3 - g**2 + 3*g - 1. Let d be j(2). Let b = -4 + d. Let z be (-3)/b - (-53)/5. What is the greatest common factor of 70 and z?
10
Suppose 4*a = 4*k - 76, -4*a + 7*a = 12. Let x = k - 14. What is the highest common divisor of 45 and x?
9
Let u(c) = -2*c + 2. Suppose -4*r = 2*l + 8, 2 = -3*l - 0*l + 4*r. Let j be u(l). Calculate the greatest common factor of 42 and j.
6
Let t(s) = s**3 + 13*s**2 - 13*s - 1. Let z be t(-13). Suppose z = -w + 4*w. What is the highest common divisor of w and 8?
8
Let g(f) = -f**2 + f - 22. Let x be g(0). Let d be (-4)/x - (-42)/11. Suppose -6*y = -8*y + d. What is the greatest common factor of y and 22?
2
Let v(p) = 2*p + 8. Let l be v(-10). Let x = 100 - l. What is the greatest common divisor of x and 14?
14
Suppose -2*y + 8 = 2*o, o + 4 = -y - 2*y. Let b be ((-30)/25)/(3/(-160)). Calculate the highest common factor of o and b.
8
Let v = -61 + 154. What is the highest common divisor of v and 62?
31
Let f = 6 + 0. Calculate the highest common factor of f and 48.
6
Let r be 16/6 + (-2)/(-6). Suppose -r*h = -a - 14, 0 = h - 0*h + 4*a - 22. Let p = 10 + 2. Calculate the highest common divisor of p and h.
6
Suppose -z + 3 + 5 = 0. Calculate the greatest common factor of 72 and z.
8
Let x = 67 - 56. Let u be (8 - (-2 - 0)) + 1. What is the highest common factor of u and x?
11
Let r(d) = d**2 + 1. Let h be r(-1). Let p = 128 + -114. What is the greatest common factor of h and p?
2
Let r = -81 - -135. What is the highest common divisor of 6 and r?
6
Let l = 23 - 20. Suppose d = 4*x - 0*d - 54, x + l*d = 7. What is the highest common factor of x and 26?
13
Let n(o) = o + 2. Let l be n(0). Suppose -2*j + 3*x - 8 = 0, j + x = -l*x + 5. Let d = 9 - j. What is the highest common divisor of 70 and d?
10
Let g(h) = 2*h + 45. Let d(n) = -n - 15. Let a(w) = -11*d(w) - 4*g(w). Let v be a(10). What is the greatest common factor of 10 and v?
5
Let d(j) = -j + 2. Let t be d(-3). Let i = t + -1. Let v(x) = x**3 - 4*x**2 + 3*x + 4. Let b be v(i). What is the highest common factor of 16 and b?
16
Let h = -224 - -336. Suppose 5*a - 50 = -5*f, -5*f - 6 - 14 = 0. Calculate the highest common divisor of a and h.
14
Let m be (-1)/(2/(-408)*2). Let q = -36 + m. Let p be 7/28 + 46/8. Calculate the greatest common factor of q and p.
6
Suppose -11 = -5*k + p, 5*k = -2*p + 6 + 2. Suppose -2*y - k = -0, 225 = 5*u - 5*y. Suppose -u = 2*n - 116. What is the greatest common factor of 18 and n?
18
Let u = -100 + 102. What is the highest common divisor of u and 4?
2
Suppose -f = -5*f - 4. Let h be ((-3 - 1)*f)/(-1). Let y = 22 - h. Calculate the greatest common divisor of 39 and y.
13
Let u = 12 + 10. Let y be ((-8)/18)/(2/(-9)). Suppose 159 = 5*v - y*s, 2*s - 6 + 0 = 0. Calculate the greatest common factor of u and v.
11
Suppose -5*y + 291 = -429. What is the greatest common divisor of y and 16?
16
Let j = -2 - 0. Let p be -2 + 3 - j - 3. Suppose 3*i + p = 24. What is the greatest common divisor of i and 88?
8
Let i = -30 - -42. Let l be (6 + 0)*(-6)/(-2). Suppose 0 = -b + 2*b - l. What is the greatest common factor of i and b?
6
Let r = 43 - 8. What is the highest common divisor of 105 and r?
35
Suppose 0 = -55*a + 59*a - 104. What is the highest common divisor of a and 234?
26
Let y = 17 + -14. Calculate the greatest common factor of 6 and y.
3
Let i be (6/3)/(5/10). Suppose -3*s + s + l = -255, 0 = l + 3. Suppose i*j - 6*j + s = 0. What is the greatest common factor of 7 and j?
7
Let y = -33 + 59. Calculate the highest common divisor of 104 and y.
26
Let m(z) be the second derivative of -z**3/6 + 4*z**2 - 5*z. Let r be m(7). What is the highest common factor of 2 and r?
1
Let c(u) = u - 11. Let h be c(13). Suppose -116 = -z - h*z - n, 0 = 4*z - 3*n - 159. What is the greatest common divisor of z and 13?
13
Suppose -5*y + y - 637 = -3*q, -5*y + 601 = 3*q. What is the highest common factor of q and 23?
23
Suppose x = 2*x + 4*l - 17, -3*l = 3*x - 33. Suppose -x = -f + 5. Suppose 3*c + 70 = 5*c. Calculate the highest common divisor of c and f.
7
Suppose y - 3 + 2 = 0. Let b be (-2 + y + 5)*4. Suppose 0 = -d - 70 + 182. What is the highest common divisor of d and b?
16
Let o(h) = -h**3 - 6*h**2 + 38*h - 16. Let r be o(-10). Let f(c) = 2*c**2 + 3*c. Let k be f(-4). Calculate the highest common factor of k and r.
4
Let m be (46 + -1)*(-16)/(-5). Calculate the greatest common factor of 16 and m.
16
Let b = 44 + -38. Calculate the greatest common factor of b and 30.
6
Suppose -5*z - 75 = -5*p, -5*p = -p + 4*z - 44. Let r be (4/14)/((-4)/(-364)). Calculate the greatest common factor of r and p.
13
Suppose 2*k + 0*k = 224. Calculate the highest common factor of k and 14.
14
Suppose 419 = 4*l - 157. Calculate the highest common divisor of 16 and l.
16
Let w be 1/(8/(-460))*12/(-10). Calculate the highest common divisor of